w(x) = x**2 - 14*x + 45. Let y be w(6). Let p(n) = 99*n**2 - 2*n + 10. Is p(y) a composite number?
False
Let p = -7 - -7. Suppose 8129 = -p*b + 11*b. Is b a composite number?
False
Let s be ((-96)/(-30))/(2/1010). Suppose -11*w = -3*w - s. Is w a prime number?
False
Suppose 2*z - 14 = z - 2*b, 3*z - 3*b - 6 = 0. Suppose 0 = 5*y - z*y + 541. Is y a prime number?
True
Let n = 994 - -94. Let z = n + -231. Suppose 5*u = l + 995, -4*l - 260 + z = 3*u. Is u a prime number?
True
Let q be 810/3*(3 - 18)/(-1). Let w = -781 + q. Is w composite?
True
Let c(m) = 4*m - 12. Let y be c(5). Let z(x) = x**3 - 9*x**2 + 8*x + 2. Let h be z(y). Suppose b - h*b - 5*a + 378 = 0, -3 = -3*a. Is b a prime number?
True
Let g be (16/14)/(10/35). Is g - (-3 - 460 - -4) a composite number?
False
Let q be 2/((9/2)/9). Suppose 2*v - 786 = -q*v. Is v a prime number?
True
Let n(u) = -u**2 - 7*u - 4. Let f be n(-6). Is 1970/6*(1 + f) a composite number?
True
Let n = 1168 + 233. Is n a prime number?
False
Suppose 3*c = -2*c + 66715. Is c a composite number?
True
Suppose 14*p + 183 - 771 = 0. Suppose 4*b - 422 = -2*k + p, -437 = -2*k + 5*b. Is k a prime number?
False
Suppose 2*z = z + y - 10, -y = 4*z + 55. Let h(d) = d**3 + 22*d**2 + 34*d - 18. Is h(z) composite?
False
Suppose 0 = 6*d - 4*d + 12. Let c(a) = 7*a**2 + 5*a + 1. Is c(d) composite?
False
Let u(k) = -k**3 - 7*k**2 - 5*k + 4. Let g be u(-6). Let d = 2 - g. Suppose -4 = -d*f + 72. Is f a composite number?
False
Let i = -7405 + 10515. Suppose 6*o - i = -4*o. Is o a prime number?
True
Suppose 2*p = -69 + 73. Suppose 5*k + p*s - 58 - 179 = 0, 232 = 5*k - 3*s. Is k a prime number?
True
Let w = -7848 + 28147. Is w composite?
True
Is (-487)/(1 - 12/6) a composite number?
False
Suppose 4*n - 5*a - 43 = 0, -5*n + 0*n + 58 = -2*a. Suppose -4*k = 5*x - 601, 4*x = -2*k + 8*x + 268. Suppose n = -4*l + k. Is l composite?
True
Let p(m) be the second derivative of m**5/5 - m**4/4 + m**3/6 + m**2/2 + 10*m. Is p(3) composite?
True
Is (((-740322)/(-45))/(-11))/((-2)/35) a composite number?
True
Let n(y) = 12*y**2 - 47*y - 5. Is n(14) a composite number?
True
Let l(z) = 4*z - 16. Let a be l(7). Suppose -a*n + 11*n + 573 = 0. Is n composite?
True
Let a be (0 - -1 - -2) + -4 - -4. Suppose -a*k = 6*k - 9027. Is k a composite number?
True
Suppose 5*k = -5*a + 12005, 5*a + 3*k - 3089 = 8914. Is 7/(21/a) - (-6 + 9) composite?
False
Let q(r) be the second derivative of -r**3/6 + 3*r**2 + 5*r. Let v be q(0). Is 194/(-4)*v/(-3) a composite number?
False
Suppose -8*i + 45*i - 151367 = 0. Is i composite?
False
Suppose -5*b = -b - 2084. Is b a composite number?
False
Let u be 1/2*-1*-14. Suppose 5221 + 3193 = u*i. Is i a composite number?
True
Let q = 14122 - -14937. Is q prime?
True
Suppose h - 4*u - 363 = 0, -3*u = -h + 223 + 144. Is h prime?
True
Let y be ((-4)/10)/((-6)/15). Suppose 2*m - 1 = y. Is 596/4 + 0/m a composite number?
False
Suppose 2*w = 5*k + 5, k - 5*w = -5 - 19. Let o = k + 1. Is o a composite number?
False
Suppose 28*r - 354387 - 264553 = 0. Is r a prime number?
False
Suppose 145*k - 718476 = 133*k. Is k a prime number?
False
Suppose 5*h + 3*d = 143722, -143730 = -5*h + 4*d + d. Is h prime?
False
Let w = 54 + -20. Let i = 22 - w. Let n(b) = 7*b**2 + 10*b - 1. Is n(i) a prime number?
True
Suppose 3*d = 6 - 0. Suppose -s - 506 = -3*s. Suppose s = d*n - n. Is n composite?
True
Let j(x) = -49 + 60 - 22*x + 2*x. Let o = -9 + -1. Is j(o) prime?
True
Let k = 1954 + -851. Let g = k - 474. Is g composite?
True
Let c be (2 + -4)/1 + 237. Let r = -45 - -49. Suppose g + 4*g + c = r*l, 5*l - 284 = 3*g. Is l a composite number?
True
Let p = -1743 + 1226. Let s = 12 - p. Is s prime?
False
Let c(q) = 3*q**2 + 234*q + 239. Let k be c(-77). Suppose 5*a - 55 + 20 = 0. Suppose -a*y = -k*y + 185. Is y a composite number?
True
Let x(u) = 99*u - 1. Let m be x(1). Let w be m/(-2 + 4 + 0). Suppose -2*p = 5*f - 342 + w, f = 3*p + 62. Is f composite?
False
Suppose 2*w - 459 = w. Suppose -2*s - s + w = 0. Suppose -4*o + s + 35 = 0. Is o a prime number?
True
Suppose w - 79 = -5*s - 11, -190 = -5*w + 5*s. Let r = w + -9. Is r prime?
False
Let f(l) = -28*l**3 + 12*l**2 + 26*l + 7. Is f(-8) a composite number?
True
Let j(c) be the second derivative of 65*c**3/3 - 9*c**2/2 + c. Is j(5) prime?
True
Let l be -7*60/(-3)*1. Suppose -3*a + l = -151. Let c = a - -202. Is c a composite number?
True
Is ((-22)/(-33))/(-4 + (-23054)/(-5763)) a prime number?
False
Suppose 0 = 4*m - 16, -3*x - 1588 = x - 2*m. Let r = x - -952. Is r a composite number?
False
Let m(v) = -v**2 - 27*v - 49. Let z be m(-25). Is (-1 + z/(-1))*(-71)/2 composite?
False
Let r = 26 - 21. Suppose -r*k = -k - 1208. Is k a prime number?
False
Let a = 180898 - 84329. Is a composite?
True
Let s be (51/(-9))/((-2)/6). Let w(i) = -27*i - 2. Let g be w(-4). Let z = g - s. Is z prime?
True
Let q be (-8)/(4 + -8) - 0. Suppose -7*l + 490 = -q*l. Suppose o + 750 = 4*n - l, 2*n - 3*o - 434 = 0. Is n a composite number?
False
Let l = -1419 - -2005. Suppose -d + 151 = -2*n + n, -4*d = 5*n - l. Is d prime?
True
Let m(q) = 3*q + 6. Let s be m(-5). Let y = 0 + s. Is (y - -13)*(-26)/(-4) a composite number?
True
Suppose 5*z - 648 = 3*b, -3*z + 8*z = -4*b + 641. Let n be ((-115)/5)/((-2)/12*-3). Let p = n + z. Is p composite?
False
Let d = 6 + -5. Is -7 + 6 + 163 + d prime?
True
Let m be 3 - (2 + -2)/(-3). Let x(a) = 2 + 35*a - m + 7*a + 39*a. Is x(4) a composite number?
True
Let r be 39 - 2*(-3)/(-2). Let c be 11400/r*(6 - 0). Suppose 5*x = -3*u + c, -2*u + 4*x - 312 + 1586 = 0. Is u a composite number?
True
Let i(p) = 2*p - 2. Let u be i(7). Let s be ((-430)/3)/(u/(-18)). Suppose -4*h + 2*h - 3*b + s = 0, 0 = 3*h + 5*b - 324. Is h a composite number?
False
Suppose -2*j = 187 - 187. Suppose j = 15*t - 19*t + 268. Is t a composite number?
False
Let o(k) = k**2 - 4*k**2 - 10*k**2 - k**3 + 15 - 8*k. Let h = -53 - -39. Is o(h) a composite number?
True
Let n(f) = 15*f**2 - f + 1. Let m be n(-5). Suppose 7*u = 4*u + m. Is u prime?
True
Suppose -3*l = -3*n - 5*l + 54, -3*l - 36 = -2*n. Let u = -13 + n. Suppose 6*p - 2*p + 2*o = 270, 2*p - 155 = -u*o. Is p prime?
False
Suppose -409 + 3459 = -5*l. Let g = l - -1023. Is g a composite number?
True
Let z(x) = x + 7. Let q be z(-13). Let a = 10 + q. Suppose 5*p = a*p + 127. Is p composite?
False
Is ((-4981)/(-3))/((-1)/(-3)) a prime number?
False
Suppose -5*u = -x - 4*x - 60, 36 = 5*u + 3*x. Let p be 33/5 + u/(-15). Is 253/2 + 3/p a prime number?
True
Let t(g) = g**3 - 4*g**2 + 7*g + 45. Is t(13) a composite number?
False
Is (-23)/(345/87910)*(-3)/2 a composite number?
True
Let n = -312 + 925. Is n a prime number?
True
Let c = -29 - -40. Let g = 1 + -6. Let d = g + c. Is d composite?
True
Let f(s) = -s**3 + 8*s + 38447. Is f(0) a prime number?
True
Suppose 3 = -0*m + m. Suppose m*u - 6 = u. Suppose -2*p - 5*r = -158, 5*p + u*r - 425 = -2*r. Is p a composite number?
False
Let u = -8 - -12. Is (3 - u - -4)*43 prime?
False
Suppose 0 = -5*p - 5*g + 106275, -23011 = -2*p + 3*g + 19494. Is p prime?
False
Let y(f) = 63*f**3 - 4*f**2 + 5*f. Let h be y(4). Is h/(-6)*39/(-26) a prime number?
True
Let v = 1723 - 642. Is v composite?
True
Let y(d) = d**3 + 7*d**2 - 7*d - 7. Let p be y(-6). Let h = p + 168. Is h a composite number?
False
Let c(o) = 8*o**2 + 6*o + 29. Let q be -3 - ((-12)/3 - -8). Is c(q) a composite number?
False
Let t(w) = w**3 + 3*w**2 - 43*w + 140. Is t(27) prime?
True
Suppose -4*k = 12, -2*n - n + 3*k + 36 = 0. Let a(w) = -w**3 + 8*w**2 + 8*w - 1. Let h be a(n). Let z(y) = 2*y**2 + 15*y + 12. Is z(h) composite?
True
Let w(o) = -82*o**3 + 7*o**2 + 15*o + 11. Is w(-8) prime?
True
Suppose -5*s = i - 29, -3*i = -3 - 9. Let v(g) = 17*g**2 - 6*g + 6. Is v(s) composite?
False
Suppose 0 = -4*a - 3*j + 2403, 3*a - j = 1077 + 722. Let u = a + -221. Is u a composite number?
False
Suppose -6*x + 15 = -3. Suppose 2*k + 3*y - 1234 = -2*k, x*y - 927 = -3*k. Is k composite?
False
Suppose -c - 2*b + 3 = -0, 0 = 5*c + 4*b - 15. Suppose -5*s - c = -28. Suppose -s*g = 70 - 195. Is g a composite number?
True
Suppose 0 = -0*r - 2*r - 4. Let k be (395 - r)*1 + 0. Suppose -k = 2*y - 3*y. Is y prime?
True
Let n = 722 + 71. Is n a composite number?
True
Suppose w - 99 = 21. Suppose 3*n - w = 21